 + 0 - k. Let j(s) = 2*s + 7. Let p(u) = 3*j(u) + 4*m(u). What is the remainder when 4 is divided by p(5)?
1
Let j(h) = h**2 - 7*h - 6. Let z = -16 + 18. What is the remainder when j(8) is divided by z?
0
Let q(s) = s + 4. Let r be 595/51 + (-2)/3. Let t = r + 8. Calculate the remainder when t is divided by q(3).
5
Let a(q) = -84*q**3 - q**2 - 3*q - 2. What is the remainder when a(-1) is divided by 22?
18
Suppose 0*c + c = 4. Suppose 9 = -2*t + 3*h, 5*t = -c*h - h + 40. What is the remainder when (14/12)/((-7)/(-42)) is divided by t?
1
Suppose 0 = -2*q + 2*k + 16, -5*q + 2*k + 40 = 3*k. Calculate the remainder when 38 is divided by q.
6
Let a(j) = j**3 + 4*j**2 - 6*j - 4. What is the remainder when 37 is divided by a(-4)?
17
Suppose -6*h + 2*h = 4. Let a be h/(-4) - 26/8. Calculate the remainder when 13 is divided by 1 + (54/(-3))/a.
6
Let p(n) = n**3 - 3*n**2 + n + 3. Let s be p(3). Let d = s - 3. Calculate the remainder when 9 is divided by d.
0
Suppose -5 = -2*x - 13. Let a = x + 6. Suppose a*w + w - 25 = -i, 0 = -4*i + 4. What is the remainder when 14 is divided by w?
6
Let u(m) = -12*m**3 + 1. Let a be u(-1). Let r = a + 9. What is the remainder when (-1)/4 - 522/(-8) is divided by r?
21
Calculate the remainder when 57 is divided by (-1)/(2 + 75/(-36)).
9
Let d = -14 + 16. Suppose -n + 72 = d*n. What is the remainder when 95 is divided by n?
23
Let i = 2 - 1. Let r(o) = -o**3 - 10*o**2 - 9*o + 8. Calculate the remainder when ((-240)/56)/(i/(-7)) is divided by r(-9).
6
Suppose 0 = -j + 3*y + 40, 2*j - 39 = 2*y + 41. Calculate the remainder when j is divided by 23.
17
Let v(i) = i**2 - 9*i + 4. Suppose 32 = 4*k - 4. Let h be v(k). Suppose h = r - 5. What is the remainder when 34 is divided by r?
7
Let o = -26 - -23. What is the remainder when 13 is divided by o/(-2)*30/9?
3
Let d = -14 + 21. What is the remainder when 4/5*(-2 + d) is divided by 2?
0
Suppose 2*q = -3*l - 7, 2*q - 3*l = -14 - 11. Let r = 11 - q. What is the remainder when 74 is divided by r?
17
Suppose 2*s + 22 + 104 = 0. Calculate the remainder when 24 is divided by (-805)/s + 4/18.
11
Suppose 0 = -p - 2. Let m be (9/(-27))/(p/30). Suppose 3*z - 3 = -5*v + 27, -12 = -2*v - m*z. Calculate the remainder when 23 is divided by v.
5
Let f = 46 + 17. Calculate the remainder when f is divided by 22.
19
Let k be (-12 - -9)*(-1 + 0). Let z = -1 - -3. Suppose -z*a = -11 + k. What is the remainder when 13 is divided by a?
1
Let w(v) = 8. Let u(i) = -i - 15. Let x(f) = 3*u(f) + 5*w(f). What is the remainder when 19 is divided by x(-4)?
5
Let b(w) = w**2 - 24*w - 53. What is the remainder when 109 is divided by b(27)?
25
Let o(d) = 23*d**2 - d - 1. Let t be (-2)/(-3)*6/4. Let l be t + -1 - (-3)/(-3). Calculate the remainder when o(l) is divided by 8.
7
Let u be (-76)/(-12) - 2/6. Let h(m) = m**2 + m - 4. Let o be h(-3). Calculate the remainder when 20/o + u/(-3) is divided by 3.
2
Let i(q) = -q**3 - 10*q**2 - 10*q + 3. What is the remainder when i(-9) is divided by 3?
0
Let x(n) = -3*n**2 + 15*n**2 + 0*n + 2*n. Calculate the remainder when 55 is divided by x(1).
13
Let t = 9 + -20. Let y(n) = n**2 - 8*n + 7. Let b be y(6). Let j = b - t. Calculate the remainder when j is divided by 4.
2
Suppose 2*c - 106 = -4. Calculate the remainder when c is divided by 13.
12
Let b = -1 - -5. Suppose 4*r = -4*q + 44, q - 49 = -b*r + 2*q. What is the remainder when -3*(51/(-9) - 2) is divided by r?
11
What is the remainder when (-94)/(4*(7 - 3)/(-8)) is divided by 17?
13
Let i = 23 - 21. Suppose -3*f - i*h = -7, -34 - 2 = -4*f + 4*h. Calculate the remainder when 12 is divided by f.
2
Let y(c) = 9*c**2 + 4. What is the remainder when y(-3) is divided by 22?
19
Suppose 3*p = 6, -2*x + 3*x - 23 = -5*p. Suppose -2*y - 3 = -2*z - 7, 4*z - x = y. Let u = 10 - -3. What is the remainder when u is divided by y?
6
Let d = -9 - -7. Calculate the remainder when 19 is divided by -2 - (-2)/d - -13.
9
Let c = -16 + 17. Let m = 0 - -1. What is the remainder when m is divided by c?
0
Suppose -2*r = 6, -h + 2*r = 4*r - 48. What is the remainder when 268 is divided by h?
52
Let q = 3 - 1. Let s = q - 2. Let k = s + 5. What is the remainder when 13 is divided by k?
3
Let o = -15 - -20. Suppose 3 = l + 4*y - 25, o*l - 4*y - 20 = 0. What is the remainder when 14 is divided by l?
6
Calculate the remainder when ((-6)/9)/(2*(-3)/234) is divided by 15.
11
Suppose 37 - 1 = p. Suppose w = 4*w - p. Suppose -z - 3*f + w = -6*f, -36 = -3*z + f. What is the remainder when z is divided by 7?
5
Suppose -1 - 11 = -3*u. Let v = u - -3. Suppose 7 = 5*s - 88. What is the remainder when s is divided by v?
5
Suppose l = 5*l - 88. What is the remainder when 3 is divided by (-13)/(-11) + (-4)/l?
0
Suppose -3*x + 40 = -20. Calculate the remainder when 63 is divided by ((-48)/x)/(9/(-60)).
15
Suppose -4*d - 32 = -140. What is the remainder when d is divided by 5?
2
Let t = 21 - -3. Calculate the remainder when 46 is divided by t.
22
Let t = -41 - -51. Let f(x) = 6*x**2. What is the remainder when t is divided by f(-1)?
4
Let b(v) = 7*v + 1. Let f(u) = 15*u + 3. Let o(i) = 5*b(i) - 2*f(i). Calculate the remainder when (6/4)/((-6)/(-160)) is divided by o(3).
12
Let d(v) be the third derivative of v**7/1680 - v**5/60 - v**2. Let z(w) be the third derivative of d(w). Calculate the remainder when 26 is divided by z(3).
8
Let r = -4 - -3. What is the remainder when 47 + -2 - 2/1 is divided by 45/12*(r - -5)?
13
Let r(f) = 22*f**2 + 5*f - 6. Calculate the remainder when r(3) is divided by 15.
12
Let n be (-7)/2 - 4/8. What is the remainder when 43 is divided by (-206)/(-14) - n/14?
13
Let q(z) = 2*z**2 - 2. Suppose -4*r + 14 = -2. Suppose -r*a + 3 = -37. What is the remainder when a is divided by q(2)?
4
Suppose -18*u - 212 = -20*u. What is the remainder when u is divided by 36?
34
What is the remainder when 106 is divided by -13 + 9 + 34 + -2?
22
Let u be (-5 + 4)/((-2)/14). Suppose -2*b = 2*g - 12, -3*b + u*b - 10 = 3*g. Suppose -6*r + 3*r = -6. What is the remainder when b is divided by r?
0
Suppose 4*q - 19 = r, -4*q = -5*q + 5*r. Suppose i = 2*g + 9, 0*i + q*i = -3*g + 6. Suppose i*v = 4*v - 9. What is the remainder when 16 is divided by v?
7
Suppose -3*o = 0, 4 = l - o + 1. Suppose -4 = -l*c + 50. What is the remainder when c is divided by 7?
4
Suppose 42 = 2*q + 14. Suppose 0 = 2*k - 3*k + q. Calculate the remainder when k is divided by 4.
2
Suppose -20 = -6*w + w. Suppose -4*t + 0 - 1 = -s, -4*t = -w*s + 28. What is the remainder when s is divided by ((-12)/(-10))/(5/25)?
3
Suppose 4*b - 5 - 55 = -2*t, 5*t - b - 139 = 0. Calculate the remainder when t is divided by (-4 - -8 - 6) + 17.
13
Let g = -38 + 89. Calculate the remainder when g is divided by 18.
15
Let z = 145 - 58. Suppose 4*t = -2*l + 58, -3*l + 0*t - t + 77 = 0. Calculate the remainder when l is divided by (-2)/3 - z/(-9).
7
Suppose -4*z = -3*i - 57, 5*z + 2*i = -0*i + 54. Suppose -5*b = 5*s + 10, -3*s + b - 2 = -z. Let f = 8 - s. What is the remainder when f is divided by 4?
2
Let a(w) = -w**2 - 11*w + 5. Let i(p) = -p + 4. Let m be i(9). What is the remainder when a(m) is divided by 18?
17
Suppose 0*h = 3*h - 9. Suppose -h*j + 126 = -0*j. Calculate the remainder when j is divided by 15.
12
Let k(y) = -y**3 - 4*y**2 - 4*y + 7. Calculate the remainder when k(-5) is divided by 14.
10
Let d(c) = -c**3 + 6*c**2 + 7*c. Let f be d(7). Suppose -4*r - 2*o + 46 = -48, -3*r + 2*o + 67 = f. What is the remainder when r is divided by 6?
5
Suppose -2*x - 32 = -5*n, -3*x + 14 + 6 = n. Let q(h) = 2*h**3 - 2*h**2 - 3*h + 3. Calculate the remainder when n is divided by q(2).
3
Suppose -2 = 4*h - 38. What is the remainder when 42 is divided by h?
6
Let j(q) = 4*q**2 + 12*q**3 - 4*q**2. Let t be j(-1). What is the remainder when 9/(15/t + 2) is divided by 7?
5
Suppose 4*h - f = 105 + 64, -f = -2*h + 87. What is the remainder when h is divided by 21?
20
Let m = 97 + -94. Calculate the remainder when 4 is divided by m.
1
Suppose 3*n - 5*n = y - 21, 2*y = 5*n - 75. Let v(c) = -2*c + 2 + 4*c**2 + 4*c + 0 + 3*c. What is the remainder when v(-3) is divided by n?
10
Suppose -17 - 3 = -5*d. Suppose d*p = 2*v - 10, -4*v - v + 3*p = 3. What is the remainder when 11 is divided by 0/v - 4*-1?
3
Let p = 137 - 